 48*y**2 + 96*y + 22. Let i be n(-4). Calculate the highest common factor of i and 696.
58
Suppose -37 - 198 = -5*k. Suppose 3*v - k = -191. Let w = v - -53. Calculate the highest common factor of w and 5.
5
Let z be (-52)/39 - 26/(-6). Suppose -z*q - 3*a + 43 = -2*a, -2*q - 5*a = -20. Let u = -26 - -51. Calculate the highest common divisor of u and q.
5
Let l(x) = x**3 - 7*x**2 - 3*x. Let w be l(8). Suppose -1 = -o, 5 + 4 = -2*r - 5*o. Let i be r/28 - -21*2/8. What is the greatest common divisor of i and w?
5
Let k(c) = 3*c - 22. Let w be k(-12). Let t = 418 - w. What is the highest common factor of 34 and t?
34
Let x be -5 - -2 - 4/(60/(-1095)). Calculate the highest common factor of 3178 and x.
14
Suppose 2*y + 5*g = 1271, -2*y + 2*g = -1020 - 286. Let j be (3 - 2) + 1 - -22. What is the highest common divisor of y and j?
24
Suppose 137*p - 6941 - 15527 = 0. Calculate the highest common divisor of 9963 and p.
41
Let c = -156 + 140. Let i = 18 + -17. Let s be (i*(-4 + 2))/(c/184). Calculate the highest common divisor of 23 and s.
23
Suppose 80 = s + 2*i, -5*s = -4*s - 3*i - 60. Let t = 104 + -95. What is the highest common factor of t and s?
9
Let m(q) = -q**3 + 17*q**2 + 203*q + 101. Let s be m(25). Calculate the greatest common factor of 946 and s.
22
Let m be (10*(-11)/(-11) - 14)*1259/(-4). Calculate the highest common factor of m and 1.
1
Suppose -176 = -146*y + 135*y. What is the highest common divisor of 176 and y?
16
Let m = 1705 - 787. What is the greatest common factor of 9792 and m?
306
Suppose -3*v + 915 = -6*v. Let p = v + 508. Suppose -4*c = -x - p, -3*x - 193 = -3*c - c. Calculate the highest common divisor of 130 and c.
26
Let m = -143 - -140. Let d be (-6)/m + -2 + 41 + 1. What is the greatest common factor of d and 147?
21
Let x(h) = -181 - 15*h - 178 - 11*h - 29*h - 30*h. Let f be x(-9). What is the greatest common divisor of 145 and f?
29
Suppose -2*q - 2*j + 20 = 0, 633 = -4*j + 609. What is the greatest common divisor of 1544 and q?
8
Suppose 19100 = 2*u + 4*q, u + 5*q - 7894 = 1650. Calculate the highest common factor of u and 34.
34
Suppose 4*v + 97693 - 8318 = 15*v. What is the highest common divisor of v and 65?
65
Let p be (-2 + 2)*(2 + (-7)/3). Suppose -u = -p*u - 32. Let r be 168/(-105)*(-80)/(-2)*-2. What is the greatest common factor of r and u?
32
Let a(d) = 3*d**2 - 13*d + 12. Let g be a(12). Calculate the greatest common divisor of 1296 and g.
144
Suppose -547*i + 144 = -499*i. What is the highest common divisor of i and 37?
1
Let n be (-96)/(-12)*(-6)/(-16). Suppose -25*l + 5*h = -27*l + 405, 4*h = n*l - 550. Calculate the highest common factor of l and 20.
10
Let r = 1694 - 1456. What is the greatest common divisor of r and 224?
14
Let i = 183 + -136. Suppose 3*v - k = i + 454, -3*k + 177 = v. Let j be (4/3)/(1/18). What is the greatest common factor of v and j?
24
Suppose -5*o = -t - 431, 2*t + 259 = 3*o + t. Suppose -2*b = -4*b + 2*x + 60, 3*b - o = x. What is the greatest common factor of b and 196?
28
Suppose -80*d + 45080 = -26*d - 34*d. Calculate the greatest common factor of d and 49.
49
Let q(k) be the first derivative of -k**3/3 + 2*k**2 + 8*k + 52. Let c be q(3). What is the greatest common divisor of 77 and c?
11
Suppose -2*a + 45 = -3*i - 2*i, 2*a - 10 = 0. Let j(y) = 2717*y + 1. Let n be j(1). Let s be (-2)/i - n/(-42). What is the highest common divisor of s and 5?
5
Let s(u) = 379*u - 2619. Let m be s(7). What is the highest common divisor of 1 and m?
1
Suppose 16 = 2*w + 2*x, 3 = -w + 2*x + 2. Suppose 2 = -p - 22. Let l = p + 34. Calculate the highest common divisor of l and w.
5
Let d = -3 - -14. Suppose 461 = 5*h - 2*g - 144, g + 363 = 3*h. Calculate the greatest common factor of h and d.
11
Let u = 8 + -5. Suppose -3*c - s + u*s + 29 = 0, -3*s - 30 = -3*c. Let a be (c/2)/(18/24). Calculate the greatest common divisor of a and 30.
6
Let m(v) = -v**3 - 31*v**2 - 158*v - 176. Let n be m(-25). Calculate the highest common divisor of 25932 and n.
12
Let j be (420/45)/(4/(-6)). Let d be 0/(-11) - (j - 2/(-1)). What is the highest common factor of d and 276?
12
Let v(c) = -c + 13. Let b(u) = -5*u + 52. Let q(k) = -2*b(k) + 9*v(k). Let s be q(-5). Suppose 60 = 4*r + s. What is the greatest common factor of 65 and r?
13
Let m(g) = 117 + 91 - 19*g**2 + 4*g + g**3 - 361 + 87. Let k be m(19). Let o = -56 - -81. What is the highest common factor of o and k?
5
Let i be 1/(-1) + (1 - -3). Let k = -23 - -164. Suppose -9*t + 4*t + 2*n = -k, -n = -3*t + 84. Calculate the highest common divisor of t and i.
3
Let y be (-8)/6 - 19/(-3). Suppose -98 = -y*m + 3*m. Let i be (2/(-6))/(9/(-189)). Calculate the highest common divisor of i and m.
7
Suppose n = -4*n + 30. Let z(j) = 2*j**3 + 70*j - 3*j**3 + 8769 + 31*j**2 - 8895. Let f be z(33). What is the greatest common factor of n and f?
6
Let r be 103 - ((-1)/(-5) + (-8)/(-10)). Let b = -84 + r. Calculate the greatest common divisor of b and 99.
9
Suppose 0 = 13*z - 90 - 27. Suppose 16*g - z = 12*g + k, -4*g + 27 = 5*k. What is the greatest common divisor of 87 and g?
3
Suppose m - 5*f - 49 = 0, 0*f - 116 = -4*m + 4*f. Suppose -m = w - 4*w. Suppose -144 = 83*t - 92*t. Calculate the highest common divisor of t and w.
8
Let q(w) = 9*w - 8. Let g = -111 + 115. Let b be q(g). Suppose 22*r + 408 = b*r. Calculate the highest common factor of 17 and r.
17
Let q be -4*(-1)/20*115. Suppose -1 - q = 4*j. Let o be ((-224)/20)/(j/15). What is the greatest common factor of 14 and o?
14
Let v(r) = -2*r + 2. Let w be v(-2). Suppose w*o - 13 = -1. Suppose -o*i + 20 = -16. What is the highest common divisor of i and 45?
9
Suppose 198 = -4*z + 7*z. Let g = z + -61. Suppose 4*s - 3*r - 216 = 0, 4*r - 21 - 280 = -g*s. What is the highest common divisor of 95 and s?
19
Let u be (-9 + 7)*-2 + (-2)/(-2). Suppose -5*h - 8*s = -u*s - 1395, 25 = 5*s. What is the highest common factor of 92 and h?
92
Suppose 124*j = 6973 - 401. What is the greatest common divisor of 6784 and j?
53
Suppose 19 + 41 = 5*m. Let s be 0/((-3)/(-15) - (-18)/10). Suppose -13*q + 16*q - 36 = s. What is the greatest common factor of q and m?
12
Suppose -18 = 8*i - 6*i + 5*m, i - 5*m - 21 = 0. Let u be ((i - -3) + -7)/(2/(-72)). Calculate the highest common divisor of 12 and u.
12
Let o(y) = -337*y + 1729. Let t be o(5). What is the highest common factor of 4972 and t?
44
Suppose 6*j + 3*l + 3148 = 8*j, 5*j + 2*l = 7832. Calculate the highest common factor of j and 32.
32
Let t(g) = -6*g**2 + 145*g + 16. Let z be t(24). Calculate the highest common divisor of 3000 and z.
40
Let x be ((-15)/2 - (-15)/10)*100/(-120). Calculate the highest common divisor of 265 and x.
5
Let g = 171 - 133. Suppose -g*p = -52*p + 966. Calculate the greatest common divisor of 161 and p.
23
Suppose 201 = 5*k - 159. Let q be ((-24)/15)/((-10452)/(-585) + -18). Calculate the highest common factor of k and q.
12
Let h be (-19 - 288/(-9)) + 14. What is the highest common divisor of h and 801?
9
Suppose -65*l = -69*l - 5*y - 17, 1 = -2*l - y. Let t = 4 - 1. Suppose t*i - 69 = 3*a, -4*i + l*a + 18 = -84. Calculate the highest common divisor of 252 and i.
28
Let t = -352 + 548. Suppose 0*z + 2*a - t = -3*z, a = -2*z + 131. Let m = -31 + z. Calculate the greatest common divisor of 7 and m.
7
Suppose 3*r = 8*r - 240. Suppose 0 = -9*g + 95*g - 9288. Calculate the highest common divisor of r and g.
12
Suppose 352*r - 357*r = -4*i + 6, -r - 30 = -4*i. Calculate the highest common factor of i and 121.
1
Suppose 2*k - 212 = -4*w - 0*k, 3*w - 160 = -2*k. Suppose 0 = 3*x - h - 1431, -4*h = -3*x + 1388 + w. Calculate the highest common factor of x and 68.
68
Let w = -11 + 16. Suppose -66*f = -70*f. Let h be 15/(f + 2 + 85/(-50)). What is the highest common factor of h and w?
5
Suppose -q - 689 = -5*v - 453, 0 = -v + 4*q + 32. Let r(i) = i**2 - 4. Let y be r(4). What is the highest common divisor of y and v?
12
Let w(x) = 14*x**2 - 31*x + 247. Let d be w(11). Calculate the highest common factor of d and 480.
160
Let a(h) = -h**2 + 12*h + 8. Let w be a(6). Let c = 157 - 205. Let v be ((-6)/18)/(4/c). Calculate the highest common divisor of v and w.
4
Let c(n) = n**3 - 5*n**2 - 3*n - 5. Let u be c(6). Let g = -137 - -567. Let y be g/3 + 13/(-39). What i